1196*o + 76882 = -1170*o. What is the units digit of o?
7
Suppose 4*x - 2637 - 1567 = 0. What is the tens digit of x?
5
Let c = -595 - -754. What is the hundreds digit of c?
1
Suppose 291 = b + r + r, 1433 = 5*b - r. Suppose 4*o = 4*v + b + 365, -5*v + 326 = 2*o. What is the tens digit of o?
6
Let i = 21 - 29. What is the tens digit of ((-155)/20)/(1/i)?
6
Let p = 1738 - -26. What is the hundreds digit of p?
7
Let f(p) = -4*p**2 + 6*p + 12. Let l be f(7). Let i = l + 435. What is the tens digit of i?
9
Suppose 6*k + 597 = 2079. What is the tens digit of k?
4
Let n = -25 - -21. Suppose 0 = 4*t + o - 80, 89 = t + 4*t + 4*o. Let b = t + n. What is the tens digit of b?
1
Suppose 6*h - 456 = 4*h. Suppose -2*n = -8*n + h. What is the units digit of n?
8
Let d(k) = 4*k + 34. Let c be d(-8). Suppose c*i - 80 = -26. What is the tens digit of i?
2
Suppose 3*q + 132 + 142 = -5*g, 0 = -4*g + 4. Let s = -50 - q. What is the units digit of s?
3
Let i(m) = -14*m**2 - 3*m - 1. Let f be i(-7). Let a = f + 1034. What is the tens digit of (a/12)/(8/12)?
4
Suppose -2*d + 200 = -z + 77, 3*d = z + 127. What is the units digit of (z/(-10))/(3/6)?
3
Suppose -5*a = -2*d - 522, d = 4*a + 4*d - 436. Suppose 26 = -4*c + a. What is the tens digit of c?
2
Let f(q) be the second derivative of q**5/20 + 5*q**4/12 - q**3/3 + 5*q**2/2 + 11*q. What is the tens digit of f(-4)?
2
Suppose 0 = w + f + 21, -2*f + 78 = -3*w - 0. What is the tens digit of -10*((-7)/(-8))/(2/w)?
0
Suppose 0 = 6*x - 28 - 62. Let l be 1 + 40 + (0 - 1). Let n = l - x. What is the units digit of n?
5
Let c be 176/12*(-27)/(-2). Suppose 0 = -2*z + 4*z - 136. Suppose -2*b + 0*o + z = 4*o, -c = -5*b - 3*o. What is the tens digit of b?
4
Let m(t) = -17*t**3 - t**2 - 2*t - 2. Let n be m(-2). Suppose 5*v - 2*q - 7 = 0, -v - 3*v + 24 = 3*q. Suppose 19 + n = v*g. What is the units digit of g?
1
Let y(t) = 5*t**2 - 10*t - 46. What is the units digit of y(10)?
4
Let z(x) = x + 14. Let c be z(-12). Suppose -3*i = -c*i - 20. Suppose 3*p - 4*d - 92 = -i, -2*p = -2*d - 46. What is the tens digit of p?
2
Let d be 6/(-5)*(-40)/12. Suppose 2 = m + i, -4*i + 3*i + 2 = 3*m. Suppose 11 = -s - d*l + 32, m = -2*l + 4. What is the tens digit of s?
1
Suppose -5*v + 96 = -y + 741, -v = -2. What is the hundreds digit of y?
6
Let j = 19 + -13. Suppose -217 - 437 = -j*w. What is the tens digit of w?
0
Let p(n) = 2*n + 4. Suppose -4*z + 26 = -z + 4*t, 5*t = 4*z - 45. Let o be p(z). Let b = -19 + o. What is the units digit of b?
5
Let g be ((-265)/10)/(2/8). Let i = g + 192. What is the units digit of i?
6
Let t = 32 - -41. Let r = -117 + t. What is the tens digit of (r/(-10))/(14/35)?
1
Let t(b) = b**2 + 6*b + 14. What is the tens digit of t(-19)?
6
Let z be ((-16)/(-2))/(-4)*(0 - 1). Suppose 0 = 5*c + z*x + 3*x - 255, 0 = 3*c - x - 133. What is the units digit of c?
6
Let v(w) = -7*w + 546. What is the tens digit of v(0)?
4
Let k be (-649)/7 - (-2)/(-7). Let u be (-73)/3 - 27/(-81). Let o = u - k. What is the tens digit of o?
6
Let b be ((-10)/3)/((-20)/30). Let f(s) = 24*s**3 - 2*s**2 - 2*s - 1. Let r be f(-1). What is the units digit of (-3 + (-105)/r)*b?
6
Let a = -5 + 11. Let o(b) = 2*b + 52. Let w be o(19). What is the units digit of w/4 + a/4?
4
Let k = 57 - 124. Let j = 142 + k. What is the units digit of j?
5
Let d(l) = -l**3 - 18*l**2 + 18*l - 3. Let m be d(-19). Suppose 4*u - 8 + m = 0, 0 = -5*x - 3*u + 479. What is the units digit of x?
7
Let d = -724 + 1256. What is the hundreds digit of d?
5
Let o be 4 + (-8)/(0 - -4). What is the tens digit of (-3)/o*(-9 + -45)?
8
What is the units digit of -2 - ((-72)/(-540) - 8882/15)?
0
Let c = 41 + -38. Suppose -k - c*k = -180. What is the units digit of k?
5
Let q = 68 - 74. What is the tens digit of q/5*(165/(-6) + -5)?
3
What is the units digit of 6/18*1851 + -2?
5
Let y = -19 - -8. Let k(a) = a**2 + 10*a - 6. Let c be k(y). Suppose -4*w - 17 = -5*i - 104, -c*i = 4*w - 57. What is the units digit of w?
8
Let x(s) = -6*s - 17. Let g be x(-3). What is the tens digit of 1 + g + -2 + 54?
5
What is the units digit of 433 + 3 + (-7)/7?
5
Suppose 359 + 1711 = 30*j. What is the units digit of j?
9
Let q = 8 + -6. Suppose -16*y - 99 = -323. Suppose 0 = 4*l + 2*g - 30, -y + 4 = -l + q*g. What is the units digit of l?
8
What is the units digit of (6 + 1493/(-3))/((-3)/9)?
5
Let d(m) = -m**2 - 48*m - 60. What is the hundreds digit of d(-26)?
5
Suppose 4*a - 30 = -3*h, -h - 6 + 2 = -a. Suppose -594 = -a*x + 72. What is the units digit of x?
1
Suppose -5*a - 20 = 0, 6*m - 3*m = 2*a + 1616. Suppose 2*s + s + h - m = 0, 2*h = 4*s - 728. What is the units digit of s?
0
Suppose -2*v = 3*d - 13, -1 = -d + 3*v + 7. Suppose -2*x + 4*x - 394 = 4*q, d*x - 952 = -q. What is the tens digit of x?
9
Let i(l) = -l - 1. Let m(w) = -10*w - 13. Let v(c) = -40*i(c) + 5*m(c). What is the units digit of v(-7)?
5
Let i be (1/(-2)*-2)/1. Let r be (1 - 3)*3 - -4. What is the units digit of r*(-2)/(3 + i)?
1
Let j = -14 + 16. Suppose -15 + 3 = j*s. What is the units digit of -3 - (-23 + s/3)?
2
Suppose 0*t - 2*f = -4*t + 8, 3*t = 5*f - 8. Suppose 5*i - 772 = i + t*h, -5*h = -5. What is the hundreds digit of i?
1
Suppose -1986 = -5*g - g. What is the units digit of g?
1
Let y = -193 - -223. What is the units digit of y?
0
Let l(d) = d - d**2 + 15*d**3 + 10*d**3 - 10*d**3. Suppose 2*b - 5*o + 18 = 0, -5*b - 3*o = -4*o - 1. What is the units digit of l(b)?
5
Suppose -3*l + 536 + 16 = 0. What is the hundreds digit of l?
1
Let z(f) = 2*f. Let o(l) = 19*l + 1. Let b be o(1). Suppose -2*v - 2*v - 4*h = -b, -3*h = -3. What is the units digit of z(v)?
8
What is the hundreds digit of ((-5)/((-30)/9))/(8/3056)?
5
Suppose -2*r + q = -11, -3*r + 0*r = 2*q + 1. Suppose -l = -r*l + 198. What is the tens digit of l?
9
Suppose 7*a + 5*x - 280 = 3*a, -2*a = x - 140. Suppose 4*t - 10 - a = 0. What is the units digit of t?
0
Suppose 1023 = 6*j - 801. What is the units digit of j?
4
Let d(o) = o**3 - 10*o**2 + 4*o - 13. Let b(c) = c - 4. Suppose 5*u - 70 = 3*n, 3*n - 70 = -5*u - n. Let j be b(u). What is the units digit of d(j)?
7
Let k = -22 + 21. Let r = k - -3. Suppose -7*p + r*p - 37 = -3*o, -91 = -5*o + p. What is the units digit of o?
9
Let d = -13 - -11. Let f be (d - -1)/(4/8). What is the tens digit of (-468)/(-33) + f/11?
1
Let s = 19 - 16. Suppose -565 = -5*o - s*r, 90 = -2*o + 3*o - 4*r. What is the hundreds digit of o?
1
Let q(f) = -8*f**3 - f**2 - f - 2. Let u be q(-1). Suppose 2*i = u*i - 92. What is the units digit of i?
3
Suppose -7*o = -6*o - 1222. What is the units digit of o?
2
What is the tens digit of ((-1414)/4)/(12*(-8)/1344)?
4
Let a = 3752 - -139. What is the thousands digit of a?
3
Let q = -7 + 22. Suppose -q = -3*a - 3. Suppose 38 = a*k - 26. What is the tens digit of k?
1
Let j(x) = 6*x**2 + x - 3*x**2 - 29 + 37. What is the tens digit of j(6)?
2
Let s(u) be the first derivative of 2 + 7*u + 5/3*u**3 + 3/2*u**2. What is the tens digit of s(-3)?
4
Let n = -54 - 69. Let v = -70 - n. What is the tens digit of v?
5
Suppose 4*o + u + u - 16 = 0, 0 = -4*u. What is the hundreds digit of ((-4)/o)/(820/274 + -3)?
1
Suppose k + k - 8 = 0. What is the units digit of k/10 + 38/5 + -3?
5
Suppose 0 = -2*w + 2*x - 20 + 94, -4*w + 156 = -2*x. Suppose -3 = -a + w. What is the tens digit of a?
4
Suppose 0 = 4*w - 86 - 226. Suppose -w = 7*v - 722. What is the tens digit of (-6)/(176/v - 2)?
6
What is the units digit of -5*572/30*-3?
6
Let j(g) = -51*g - 7. Let r be j(-5). Suppose 2*f - r + 20 = 0. Let w = f + -58. What is the units digit of w?
6
Let c(s) be the third derivative of s**4/24 - 5*s**3/3 - 4*s**2. Let m be c(6). What is the units digit of -9*(m/2)/2?
9
Let o = 29 + -24. Suppose -3*m + 604 = 2*m + 4*s, -4*m + 485 = o*s. What is the tens digit of m?
2
Let q = 282 - 186. Suppose -q*d + 1085 = -91*d. What is the hundreds digit of d?
2
Let m = 77 - 17. Suppose -7*k + 12*k = m. What is the units digit of k?
2
Let g(y) = 5*y + 4. Suppose 0 = 3*l, 2*i - 6*i = -5*l - 12. Let u be g(i). Suppose 2*m - 59 = u. What is the tens digit of m?
3
Let g(o) = o**2 - 12. Let y(c) = c**2 + 3*c - 1. Let d be y(2). Let b = d + -3. What is the tens digit of g(b)?
2
Let x = -724 - -1682. What is the tens digit of x?
5
Suppose 11*l - 127